-3. What is the tens digit of w(q)?
2
Suppose -4*m - 54 = -2*m. Let x be (-18)/m*3/(-2). What is the units digit of x - (-1 - 19)/1?
9
Suppose -45 + 0 = -3*y. Suppose 3*s - y*s + 1884 = 0. What is the tens digit of s?
5
What is the hundreds digit of (3 - -4)/((-3)/(-360))?
8
Suppose 14*g + 9 = 11*g. Let b(h) = -h**3 + 4*h**2 + 4*h + 2. Let o be b(g). Suppose 5*y = -4*j + o, 3*y - y = j - 10. What is the tens digit of j?
1
Let t be 2/6 - 208/(-24). Suppose 0 = -2*j + 3*k + t + 179, 3*j + k - 293 = 0. Let m = j - 19. What is the units digit of m?
8
Suppose 5*m = 4*k - 10436, -28*m + 27*m + 10460 = 4*k. What is the thousands digit of k?
2
Suppose -3*s = -12, h + s + 8 = -4. Suppose 2*t - t + 5 = 0. What is the units digit of h/40 + (-62)/t?
2
Suppose 2*d - 1082 = 5*g - 7*g, 0 = -5*g - 4*d + 2708. What is the tens digit of g?
4
Let q(p) be the third derivative of -7/3*p**3 + 0*p - 4*p**2 + 7/24*p**4 + 0. What is the units digit of q(4)?
4
Let n be 4/(-3 + -1) - -6. Suppose -5*g = -4*r + n, 3*r - r + g = 13. Suppose 2*p = 2*z - 88, r*z - 95 = -3*p + 101. What is the units digit of z?
1
Let i = -2560 - -3828. What is the thousands digit of i?
1
Let p(d) = 3*d**2 - 8*d - 6. Let r(v) = -2*v + 7. Let z be r(6). What is the hundreds digit of p(z)?
1
Suppose 0 = 4*b - 3*b - 369. Let h be (0 - 2)*b/(-18). Suppose 4*z - h - 47 = 0. What is the tens digit of z?
2
Suppose 3*u = -3*a + 111, -u + 4 = -0*u. Let j = a + 7. What is the tens digit of 0 + 2 + j - 3?
3
Suppose 3*a - 2100 = -0*u + 2*u, -4*a - 2*u = -2800. What is the hundreds digit of a?
7
Suppose 2*b + 4 = 0, 0 = 3*c + 4*b + 43 + 133. Let f be (0 + 4 + 61)*c. What is the units digit of 2/19 + f/(-76)?
8
Let x(f) = f**2 - 5*f + 4. Let h be x(5). Suppose p = h*l + 66 + 41, p - 125 = -5*l. What is the hundreds digit of p?
1
Let u = -5487 + 8033. What is the units digit of u?
6
Suppose 24*m = 33*m - 1809. What is the units digit of m?
1
Suppose 745 = -3*h + 4063. Suppose -13*s = -h - 701. What is the hundreds digit of s?
1
Suppose -18*s = -29179 + 9469. What is the units digit of s?
5
Let c(j) = j**3 - 10*j**2 - 5*j - 3. Let w be c(12). Let a = 328 - w. What is the tens digit of a?
0
Let l = 75 - 31. What is the units digit of l?
4
Let j(a) = a**3 + 26*a**2 - 49*a + 104. What is the thousands digit of j(-22)?
3
Suppose -16*z + 24731 + 42693 = 0. What is the tens digit of z?
1
Let k = 84 - 84. Suppose -2*l = -l - 136. Suppose -5*t - 15 = k, 3*d - 8 - l = t. What is the tens digit of d?
4
Let r(h) = 4*h**3 - h**2 + h - 6. Let b be r(4). Let d = -106 + b. What is the units digit of d?
2
Let j(m) = -7*m**3 - m**2 + 2*m + 2. Let g = 37 + -39. What is the units digit of j(g)?
0
Let g(w) = -12*w + 8. Let p(n) = 8*n - 5. Let d(q) = -5*g(q) - 7*p(q). What is the tens digit of d(8)?
2
Let m = -56 + 66. Suppose -1244 = -m*f + 916. What is the tens digit of f?
1
Let p = -19 + 21. Suppose -5*h = 4*o - 38, -o + 3*h = -p + 1. What is the units digit of o?
7
Let d = 30 + -17. Let y = -4 + 4. Suppose y = 8*j - d*j + 15. What is the units digit of j?
3
Suppose 2*n = 5*d - 3613, -n - 7 + 8 = 0. What is the units digit of d?
3
Suppose -3735 - 3100 = -5*z. What is the units digit of z?
7
Suppose -31*u = -9*u - 31482. What is the hundreds digit of u?
4
Let n(m) = -m**3 + 15*m**2 - 14*m + 3. Let q be n(14). Suppose -5*d = -5*x + 25, -q*d - 1 = 3*x + 2*d. Suppose 0*a - x*a = -144. What is the units digit of a?
8
Let v(l) = 2*l**3 + 41*l**2 + 18*l - 15. What is the tens digit of v(-20)?
2
Let a = -173 - -430. What is the units digit of a?
7
Suppose -2*s = -0*s - 5*g - 4189, 10441 = 5*s - 2*g. What is the hundreds digit of s?
0
Let x(b) = -2*b + 3*b + 13 - 10 + 18. Let a be x(-8). Suppose 6*v - 5*n = v + 140, -v + a = 2*n. What is the tens digit of v?
2
Let j(u) = u**2 - 4*u - 5. Let l(f) = 2*f**2 - 3*f - 4. Let y(k) = -3*j(k) + 2*l(k). Let t be y(-5). Suppose t*x = -3*x + 15. What is the units digit of x?
3
Let j(r) = 130*r**3 - r**2 - 10*r + 6. Let u(b) = -b**2 - b + 1. Let v(s) = j(s) - 5*u(s). What is the units digit of v(1)?
0
Suppose 15 = 3*j - 4*k + 94, 92 = -4*j + 2*k. Let v = j - -23. Suppose 0*c = -c, i = v*c + 15. What is the units digit of i?
5
Let n = -38 + 58. Let a(g) = 3*g**2 + 6*g + 15. Let d be a(-7). Suppose d = 4*k + n. What is the units digit of k?
5
Suppose -55*z = -162*z + 190674. What is the hundreds digit of z?
7
Suppose c = 2*c - 660. Suppose -4*o + c = 192. Let l = -78 + o. What is the units digit of l?
9
Let p(j) = j**3 + 32*j**2 + 43*j + 16. What is the tens digit of p(-30)?
2
Let b be (-12)/(-1)*1*66/44. Suppose o + o = -4*r + b, -5*r + o + 12 = 0. What is the units digit of r?
3
Let w be (-2)/9 + (-28)/(-126). Suppose w = -4*b + 4*r + 796, -b + 2*r = 4*b - 1004. What is the tens digit of b?
0
Let y(r) = -r**3 + 16*r**2 + 18*r - 10. Suppose -x + 4*x = 51. Let d be y(x). Suppose 0 = d*f - 10*f + 48. What is the units digit of f?
6
Suppose -5*m + 5*p + 635 = -m, 0 = m + 3*p - 146. Let w = 297 - m. What is the tens digit of w?
4
Let h(q) be the second derivative of q**3 + 3*q**2/2 + 10*q. What is the units digit of h(4)?
7
Suppose -4*z - 3*x + 13908 = 0, -x - 9320 = -2*z - 2356. What is the thousands digit of z?
3
Let q(r) = -r**3 - 10*r**2 + 4*r. Let t be q(-10). Let c = t - -66. Suppose 50 = 5*j - 4*g, 4*j - 66 + c = -4*g. What is the units digit of j?
0
Suppose 5*r = -2*i + 22, -3*i - 3 = -2*r + 2*i. Let x(b) = b**3 - b**2 - 13*b - 6. Let z be x(5). Suppose -5 = r*t - z. What is the units digit of t?
6
Suppose 8*x = 6*x + 1224. Suppose x = -12*y + 18*y. What is the units digit of y?
2
Let b(x) = x**3 - 16*x**2 + 19*x - 7. Let k be b(15). Suppose -2*v + 320 = 4*d, -4*v + k = 2*d - 107. What is the tens digit of d?
8
Suppose 0 = -5*m - 3136 + 10321. What is the thousands digit of m?
1
Suppose -o = 3*o - 188. Suppose -4*m - w - o = -224, 2*m + 5*w - 75 = 0. What is the units digit of m?
5
Let s(p) = -20*p**3 + p**2 - 4*p - 8. What is the tens digit of s(-3)?
5
Suppose 0 = -4*y + 7*y - 6, 4*y + 150 = 2*g. What is the units digit of g?
9
Let s(u) = u**3 - 6*u**2 + 10*u + 56. What is the thousands digit of s(14)?
1
Suppose 0 = -5*l - 5*g + 2055, 2*l - g = -0*g + 825. What is the units digit of l?
2
Let g = 42 - 37. Let l be ((2 - 2) + 3)*g. Let i = 38 - l. What is the units digit of i?
3
Suppose 0 = -4*w - 0*w. Suppose 2*x - 5*h - 32 = w, h + 0*h = 0. Suppose 2 = c - x. What is the tens digit of c?
1
What is the thousands digit of ((-213)/4)/(7/((-3500)/15))?
1
Suppose -v = -5*h - 201, -10*h = -6*h + 16. Suppose 14 = 3*y - v. What is the tens digit of y?
6
Let x be ((-8)/(-12))/((-8)/1236). Let m = -48 - x. Suppose 7*i - m = 2*i. What is the units digit of i?
1
Let d(c) = 6*c + 2. Let z(t) = t + 1. Let h be z(3). What is the tens digit of d(h)?
2
Let u = 25 + -23. Let g = u + -3. What is the units digit of (g - -26)/((-3)/(-9))?
5
Suppose 5*k + 4*p = 7*p + 162, -2*k = -5*p - 61. What is the units digit of k/12 - (-2)/8?
3
Suppose 177 = -4*h + i, 2*h + 101 = 2*i + i. Let j = -18 - h. What is the units digit of j?
5
Suppose -4*l + 3494 = -k, 2625 = 9*l - 6*l - 3*k. What is the hundreds digit of l?
8
Let j(s) = -s**3 + 9*s + 13. Let g be j(-5). Suppose -2*t - 138 = 2*h - 0*h, 2*h = -6. Let k = t + g. What is the units digit of k?
7
Suppose 20197 = 6*r - r + 4*v, 0 = 5*r + 5*v - 20200. What is the units digit of r?
7
Suppose 2*x + 226 = -h + 5*h, -x = 5*h - 265. What is the hundreds digit of (-918)/(-4) + (-81)/h?
2
Suppose 5*f - 689 - 751 = 0. What is the hundreds digit of f?
2
Let z = -10 + 12. Suppose 0 = -z*s + 1 - 5. What is the units digit of 3 - -1*(s + 3)?
4
Let k(m) = -m**3 - 13*m**2 + m + 21. Let g be k(-13). What is the units digit of (-23)/(-1*2/g)?
2
Let n(k) = k**3 + 5*k**2 - 8*k - 3. Suppose 3*x = 2*x + v + 10, -5*x - v = -62. Let s = x - 18. What is the units digit of n(s)?
9
Let u(q) = -21*q + 20. Suppose 0 = -0*d + 2*d - 2*k + 6, -5*d - k - 33 = 0. What is the tens digit of u(d)?
4
Let y be 2/2*(17 - -3). Let z be 42/15 - (-4)/y. What is the units digit of (-6)/(-4)*2/z?
1
Suppose -5*n + 3838 = 3*d, -4*n + 3073 = -3*d + 8*d. What is the tens digit of n?
6
Let s = 158 + -270. Let q = 219 + s. What is the units digit of q?
7
Let m be (-2)/(-2) - 3/(6/(-4)). Suppose 0 = -m*o + 94 + 29. Wha